(-4))/((-5)/b).
7
Suppose 0 = 5*m - 3*m - 2*n - 12, 3*n + 8 = m. Let k = -2 + m. Suppose 2*g + 7 = k*g. List the prime factors of g.
7
Let b = 44 - 18. Suppose -k = -4*w + 34, 0*k + 4*k = -2*w + b. List the prime factors of w.
3
Let k(g) = g + 8. What are the prime factors of k(0)?
2
Suppose 2*d = 4 + 2. Suppose -21 = -4*i - 3*v, -d*v - 11 = -i + 2*v. What are the prime factors of i?
2, 3
Suppose 3*h - 77 = 133. Suppose 4*k + 3*u - 139 = 0, 3*k + 5*u = h + 48. List the prime factors of k.
31
List the prime factors of (-9)/(-2)*6/9 + 22.
5
Suppose 5*x + 4*v + 150 = 415, -4*x + 212 = 4*v. Suppose -7 = -j - 3. Suppose 4*u - 59 = j*n + n, -3*u + x = 5*n. What are the prime factors of u?
2
Suppose -a + 82 = 4*z + 32, 3*a - 42 = -3*z. Let j = z - 8. List the prime factors of j.
2
Let y be (-2)/(-2)*(-9)/(-3). Let z(d) = d**3 - d**2 - 3*d + 3. What are the prime factors of z(y)?
2, 3
Suppose o = 4 - 1. What are the prime factors of (o/2)/((-9)/(-60))?
2, 5
Let k(z) = 2*z - 2*z + 1 - z - 2. Let h be (6/(-9))/((-1)/(-6)). List the prime factors of k(h).
3
Let f = -38 - -53. What are the prime factors of f?
3, 5
Let q = 13 - 7. Suppose 0 = 3*r - 9 - q. List the prime factors of r.
5
Let i(c) = -3*c + 1 + 2*c**2 - 3*c**2 + 2. Let k be i(-3). What are the prime factors of ((-2)/(-6))/(k/36)?
2
Let g(l) = 38*l - 16. List the prime factors of g(3).
2, 7
Suppose 2*b = 3*m - 4*m + 63, 0 = m + 1. List the prime factors of b.
2
Suppose h + 0*h = -y - 4, 3*y + 2 = -h. Let q = y + 2. What are the prime factors of q?
3
Suppose 28 + 102 = 3*n + 5*f, 4*n - 3*f = 125. List the prime factors of n.
5, 7
Let c = -23 + 25. What are the prime factors of c?
2
Suppose -l - 3*l - 4 = 0. Let k = 3 - l. List the prime factors of k.
2
Let i = -66 - -89. List the prime factors of i.
23
Suppose 10 = -2*z + z. Let y = z - -16. What are the prime factors of y?
2, 3
Let s = -31 - -53. What are the prime factors of s?
2, 11
Let z(q) = q**2 + q + 1. Let g(h) = 2*h**2 + 3*h + 3. Let u(k) = 2*g(k) - 5*z(k). Let b(d) be the first derivative of u(d). List the prime factors of b(-1).
3
Let c(y) = 6*y**3 - 6*y**2 + 16*y + 141. Let x(t) = -t**3 + t**2 - 3*t - 28. Let p(l) = -2*c(l) - 11*x(l). List the prime factors of p(0).
2, 13
Let c be 1 - (1 + -2 + -1). Suppose 0*n - c*n = -45. Suppose h - n = -3. List the prime factors of h.
2, 3
Let f(u) = -3*u**3 - u**2 + u + 1. Let p be f(-1). Suppose 11 = p*l - 7. What are the prime factors of l?
3
List the prime factors of (1 - 14/(-4))*2.
3
Suppose 4*z = 315 + 209. Let s = -61 + z. Suppose 7*h = 2*h + s. List the prime factors of h.
2, 7
Let w(f) = -f**2 - 9*f - 14. Let u be w(-6). Let o be 124/9 + (-4)/(-18). Suppose -3*r - o = -q - 2*r, -u*q + 59 = -r. What are the prime factors of q?
3, 5
Suppose -3*g = 2*w, -2*w = -2*g + 7*g. Suppose g = -i + 4*i - 6. Suppose i*y = -s + 12, -y + 6*y - 25 = -2*s. List the prime factors of s.
2, 5
List the prime factors of (-1 + -2)*(4 + -7).
3
Suppose 3*q - 5*x - 1063 = 0, -2*x = -3*q + 1005 + 43. What are the prime factors of q?
2, 173
Suppose 5*v = -9*l + 4*l + 30, -3*l = v - 12. Suppose 4*j = -2*q - 38, 2 = -v*j + 4*q + 1. Let x = 12 + j. What are the prime factors of x?
5
Let v = 18 - 26. Let l(c) = -4*c**3 - 8*c**2 - 3*c - 5. Let w(b) = 11*b**3 + 24*b**2 + 8*b + 14. Let m(o) = 8*l(o) + 3*w(o). What are the prime factors of m(v)?
2
Suppose 0*t - 198 = -3*b - 5*t, 5*t + 86 = b. What are the prime factors of b?
71
Let w = -80 + 87. List the prime factors of w.
7
Suppose 34 - 4 = k. What are the prime factors of k?
2, 3, 5
What are the prime factors of (1887/27 - 2) + 3/27?
2, 17
Suppose 67 - 12 = 2*t - l, -3*l = 4*t - 135. What are the prime factors of t?
2, 3, 5
Suppose -4*b + 7*p - 3*p = -8, -4*p + 17 = b. Suppose 2*i + i - 11 = 2*c, -b*i = -4*c - 17. What are the prime factors of c?
2
Let a = -134 + 296. What are the prime factors of a?
2, 3
Let t(i) = 2 - 12*i - 2 + 1. List the prime factors of t(-2).
5
Let h(d) = 10*d - 28*d + 1 - 2. Suppose -4*u = 4*f - 6*u + 10, u = 3. What are the prime factors of h(f)?
17
What are the prime factors of (1 - -21)/((-20)/(-100))?
2, 5, 11
Suppose -15 = 4*b - b, -5*b = 5*g - 415. List the prime factors of g.
2, 11
Let m = 92 + -46. What are the prime factors of m?
2, 23
Suppose 4 = h, 3*g + 6*h - 18 = 3*h. Suppose 5*o = k + g*k - 15, 15 = -5*o. Suppose 5*i - 60 + 0 = k. What are the prime factors of i?
2, 3
Let v = 9 - -6. Suppose v = 3*x, -x + 6*x - 58 = -3*r. What are the prime factors of 6/33 + 207/r?
19
Suppose -z + 136 = 2*c, -z + 0*c + 116 = -3*c. List the prime factors of z.
2
List the prime factors of (-25 - -7)/((-3)/9).
2, 3
Let c(p) be the second derivative of 7*p**3/3 + p**2 - 6*p. What are the prime factors of c(3)?
2, 11
Let m be (12/8 - 1)*6. Suppose 0 = -3*t - j + 3, -4*t + j + 0 = 3. Let n = m + t. List the prime factors of n.
3
Suppose -3*l + 12 = 0, 2*l - 54 = -4*k + 10. List the prime factors of k.
2, 7
Let y(c) = 83*c - 4. List the prime factors of y(2).
2, 3
Suppose 4*o + 2 + 2 = 0. Let t = 0 - o. List the prime factors of (-172)/(-28) + t/(-7).
2, 3
Let f(b) = -6*b - 6. Let v be f(-4). Let i = -13 + v. List the prime factors of i.
5
Suppose 5*a - 4*x - 136 = 0, -a = 3*x - 13 + 1. What are the prime factors of a?
2, 3
Let d be 8/(-36) + 87/27. Let n(v) = 5*v**2 - d*v + 5*v + v. What are the prime factors of n(-2)?
2, 7
Let j = 5 - -24. What are the prime factors of j?
29
Let o = -108 + 382. What are the prime factors of o?
2, 137
Suppose 24 = y + 5*a, a = -2*a. List the prime factors of y.
2, 3
Let t(n) be the third derivative of 7/60*n**5 - 1/2*n**3 + 3*n**2 + 0 + 5/24*n**4 + 0*n + 1/120*n**6. What are the prime factors of t(-6)?
3
Let n(h) = h**2 - 8*h - 34. List the prime factors of n(-5).
31
Let k = 28 - 8. What are the prime factors of k?
2, 5
Let u = 4 - 9. Let w = -1 - u. Suppose 4*z = 16, -7*b - 4*z = -w*b - 28. List the prime factors of b.
2
Let r be (3/2)/(1/2). Let q be (6/(-8))/((10/(-8))/5). Suppose -z + q*z = r*a + 16, -3*a = 0. List the prime factors of z.
2
What are the prime factors of 123*1 - 6/6?
2, 61
Let p(y) be the second derivative of -4*y**3/3 - 3*y**2 - 4*y. List the prime factors of p(-4).
2, 13
Let r(w) = -w**3 + 11*w**2 - 10*w - 8. List the prime factors of r(9).
2
Let i(o) = o**2 - 2*o + 1. Let w be i(1). Suppose l - 1 - 1 = w. Let x(d) = 3*d - 3. What are the prime factors of x(l)?
3
Let s = -10 + 14. Suppose s*i - 3*u = 23, -5*u = -5*i + 12 + 13. Let b(f) = -f**3 + 9*f**2 - 6*f - 4. List the prime factors of b(i).
2, 3
Let l be (3/4)/(6/16). Suppose 0 = -l*k - k - 30. Let y = 1 - k. List the prime factors of y.
11
Suppose -13 - 3 = 4*t. Let f be (2/(-4))/(1/t). What are the prime factors of (f + 10/(-4))*-10?
5
Suppose -16 + 0 = -4*n. Suppose n*m = -6 + 86. List the prime factors of m.
2, 5
Let h = 8 + 26. Suppose 0 = -o - 5*g + 13 + h, 3*o - 2*g = 90. What are the prime factors of o?
2
Suppose -4*x + 46 = -2*s, 0*x + x = -2*s - 61. Let j = s - -46. What are the prime factors of (-2)/2 + -2 + j?
2, 7
Let f(z) = 65*z**2 + z. List the prime factors of f(-1).
2
Let i(o) = o**2 - 3*o - 4. Let w be i(4). Let h = w + 0. Suppose -u = 2*u + x - 29, -4*x - 4 = h. What are the prime factors of u?
2, 5
Let d(w) = 4*w**2 - 2. Suppose -6 = 3*v, l - 5*v = -3 + 11. List the prime factors of d(l).
2, 7
Let h be 18/4 + 3/(-2). Let w(u) = u**3 - 2*u**2 - 1. List the prime factors of w(h).
2
Suppose 3 = 4*q - 5, -4*p + 6 = -5*q. What are the prime factors of p + 3 + 0/1?
7
Let y = -13 + 17. Suppose y*c - 75 = -k - 14, 3*k = c + 131. List the prime factors of k.
3, 5
List the prime factors of (78/4 + 2)*2.
43
Let l = 80 + -61. List the prime factors of l.
19
Suppose -y + 4*y + 9 = 0. Let x = 12 + y. What are the prime factors of x?
3
Let y(u) = u - 6. Let r be y(0). Let l be -2 - -8*(-51)/r. Let a = l + -47. List the prime factors of a.
19
Suppose -2*p + 10 + 6 = 0. List the prime factors of p.
2
Let p = 4 + 0. Suppose 2*s = 3*l + 18, -2 = p*s + 4*l + 2. Suppose -6*n = -2*n + c - 73, s*c = 15. List the prime factors of n.
17
Let h(p) = -7*p - 28. What are the prime factors of h(-12)?
2, 7
Let p = 12 + 13. Suppose -2*m + 25 = 4*a - 3*m, -4*m = -a + p. Suppose -5*v - 8*g = -4*g - 29, 56 = 4*v - a*g. List the prime factors of v.
3
List 